1.
7, 16171213
List the prime factors of 309867791.
41, 7557751
What are the prime factors of 743642842?
2, 3637, 102233
What are the prime factors of 3208148112?
2, 3, 13, 61, 89, 947
What are the prime factors of 5417136056?
2, 19, 35639053
List the prime factors of 7419807.
3, 443, 1861
What are the prime factors of 285763405?
5, 57152681
What are the prime factors of 1246469545?
5, 31, 8041739
What are the prime factors of 300146269?
1499, 200231
List the prime factors of 400211617.
13, 30785509
List the prime factors of 5564925.
3, 5, 24733
What are the prime factors of 8700003?
3, 13, 23, 53, 61
List the prime factors of 57535750.
2, 5, 230143
What are the prime factors of 183299231?
557, 329083
List the prime factors of 10462558.
2, 457, 11447
List the prime factors of 73297349.
73297349
What are the prime factors of 257455?
5, 11, 31, 151
What are the prime factors of 476312191?
476312191
What are the prime factors of 94227291?
3, 10469699
What are the prime factors of 85596296?
2, 73, 103, 1423
List the prime factors of 561638448.
2, 3, 7, 61909
What are the prime factors of 133236693?
3, 14804077
List the prime factors of 32123260.
2, 5, 13, 123551
List the prime factors of 1571637109.
7, 113, 1986899
List the prime factors of 38611753.
1559, 24767
List the prime factors of 91492579.
73, 1253323
What are the prime factors of 628822166?
2, 7, 31, 41, 35339
List the prime factors of 29744045.
5, 197, 30197
List the prime factors of 39718741.
59, 673199
List the prime factors of 897227.
71, 12637
What are the prime factors of 59382544?
2, 13, 21961
List the prime factors of 24308910.
2, 3, 5, 30011
List the prime factors of 199185101.
107, 1861543
What are the prime factors of 25807244?
2, 19, 241, 1409
What are the prime factors of 2294266934?
2, 1147133467
List the prime factors of 12602616.
2, 3, 13, 31, 1303
List the prime factors of 362770448.
2, 449, 50497
List the prime factors of 5213435451.
3, 7, 7477, 33203
List the prime factors of 118070298.
2, 3, 47, 1723
List the prime factors of 321405655.
5, 17, 3781243
What are the prime factors of 27913248?
2, 3, 11, 89
List the prime factors of 183813476.
2, 7, 11, 43, 13879
What are the prime factors of 233991040?
2, 5, 365611
What are the prime factors of 66358083?
3, 11, 107, 18793
List the prime factors of 148908341.
148908341
List the prime factors of 663644506.
2, 7, 37, 1281167
List the prime factors of 791654624.
2, 313, 79039
List the prime factors of 198062089.
47, 4214087
List the prime factors of 731682314.
2, 11, 33258287
What are the prime factors of 578840201?
578840201
List the prime factors of 81929422.
2, 40964711
What are the prime factors of 103834848?
2, 3, 13, 19, 29, 151
What are the prime factors of 19094826?
2, 3, 3182471
What are the prime factors of 591583498?
2, 11, 317, 84827
What are the prime factors of 1369195850?
2, 5, 11, 29, 85843
What are the prime factors of 138245746?
2, 2467, 28019
List the prime factors of 8353180963.
23, 433, 838757
List the prime factors of 118999310.
2, 5, 53, 224527
What are the prime factors of 829201976?
2, 103650247
List the prime factors of 73653182.
2, 36826591
What are the prime factors of 801879097?
19, 101, 417863
List the prime factors of 49817920.
2, 5, 151, 1031
What are the prime factors of 650003552?
2, 11, 23, 80287
List the prime factors of 2265897639.
3, 755299213
List the prime factors of 32241076.
2, 7, 881, 1307
List the prime factors of 698572227.
3, 41, 5679449
List the prime factors of 1959228411.
3, 7, 93296591
What are the prime factors of 53988472?
2, 41, 164599
List the prime factors of 2150382.
2, 3, 13, 19, 1451
What are the prime factors of 387693124?
2, 7, 13, 1065091
What are the prime factors of 32043352?
2, 11, 364129
List the prime factors of 4721826.
2, 3, 786971
List the prime factors of 9969380.
2, 5, 498469
What are the prime factors of 202891737?
3, 59, 1146281
What are the prime factors of 170051355?
3, 5, 107, 35317
List the prime factors of 7322653700.
2, 5, 29, 2525053
List the prime factors of 33821523.
3, 23, 107, 509
List the prime factors of 18294003.
3, 7, 13, 3191
List the prime factors of 121286832.
2, 3, 43, 58763
What are the prime factors of 4443384039?
3, 31, 47778323
List the prime factors of 332525.
5, 47, 283
What are the prime factors of 1507142890?
2, 5, 11, 19, 47, 67, 229
List the prime factors of 159731894.
2, 7, 739, 15439
List the prime factors of 137842104.
2, 3, 29, 73, 2713
List the prime factors of 278920983.
3, 11, 47, 179833
List the prime factors of 90704917.
19, 269, 17747
List the prime factors of 983607475.
5, 73, 311, 1733
List the prime factors of 752404848.
2, 3, 13, 79, 15263
List the prime factors of 2183401561.
11, 29, 37, 67, 251
What are the prime factors of 620993142?
2, 3, 7, 11, 49783
What are the prime factors of 249727439?
13, 29, 662407
What are the prime factors of 3561334101?
3, 13, 37, 274223
What are the prime factors of 266934074?
2, 11, 12133367
What are the prime factors of 398632564?
2, 11, 823621
List the prime factors of 273358271.
273358271
List the prime factors of 221170726.
2, 7, 283, 55823
List the prime factors of 579824666.
2, 29, 727, 13751
List the prime factors of 13995516.
2, 3, 29, 131, 307
List the prime factors of 196323721.
11, 17847611
What are the prime factors of 45088156?
2, 29, 388691
What are the prime factors of 823227909?
3, 7, 31, 1264559
What are the prime factors of 64306738?
2, 32153369
What are the prime factors of 12404366?
2, 13, 477091
List the prime factors of 46118952.
2, 3, 11, 58231
What are the prime factors of 936074057?
936074057
What are the prime factors of 232339555?
5, 7, 6638273
List the prime factors of 342920367.
3, 139, 274117
List the prime factors of 133006478.
2, 11, 6045749
What are the prime factors of 659821552?
2, 13, 317, 10007
What are the prime factors of 123412508?
2, 1153, 26759
List the prime factors of 4782127153.
4782127153
What are the prime factors of 1597183538?
2, 137, 5829137
List the prime factors of 16352306.
2, 167, 173, 283
List the prime factors of 107769328.
2, 97, 69439
List the prime factors of 1264898457.
3, 19, 109, 22621
List the prime factors of 255791859.
3, 85263953
What are the prime factors of 107557696?
2, 1680589
What are the prime factors of 105742781?
37, 2857913
List the prime factors of 45155610.
2, 3, 5, 29, 73, 79
List the prime factors of 146351072.
2, 7, 19, 137, 251
List the prime factors of 83545809.
3, 97, 287099
List the prime factors of 667921228.
2, 13, 17, 755567
What are the prime factors of 213208598?
2, 71, 347, 4327
List the prime factors of 438505329.
3, 4447, 32869
List the prime factors of 78572759.
17, 109, 42403
List the prime factors of 823416418.
2, 11, 37428019
List the prime factors of 36489015.
3, 5, 31, 8719
List the prime factors of 12100511.
19, 29, 21961
What are the prime factors of 73428401?
197, 372733
What are the prime factors of 1264858190?
2, 5, 126485819
What are the prime factors of 570872946?
2, 3, 7, 29, 468697
What are the prime factors of 275823119?
11, 13, 47, 41039
What are the prime factors of 998310361?
101, 227, 43543
What are the prime factors of 1178914284?
2, 3, 1451, 7523
List the prime factors of 57018394.
2, 28509197
What are the prime factors of 394611673?
394611673
What are the prime factors of 572239145?
5, 53, 601, 3593
What are the prime factors of 951586045?
5, 13597, 13997
What are the prime factors of 181009935?
3, 5, 59, 79, 863
What are the prime factors of 39515338?
2, 73, 270653
List the prime factors of 290254099.
59, 4919561
List the prime factors of 5987926330.
2, 5, 598792633
What are the prime factors of 6177677?
11, 561607
What are the prime factors of 174100939?
174100939
What are the prime factors of 1609389878?
2, 269, 2991431
What are the prime factors of 243942732?
2, 3, 11, 205339
List the prime factors of 66960026.
2, 7, 1213, 3943
List the prime factors of 39653984.
2, 251, 4937
List the prime factors of 99444060.
2, 3, 5, 349, 1583
What are the prime factors of 20289477?
3, 13, 47, 11069
List the prime factors of 770133064.
2, 73, 1318721
What are the prime factors of 87170722?
2, 43585361
List the prime factors of 522329447.
31, 367, 1481
What are the prime 